ultiple of 722?
True
Is 3022029 a multiple of 30?
False
Does 14 divide 273101?
False
Is 148676 a multiple of 62?
True
Is 35232 a multiple of 15?
False
Is 45 a factor of 4322?
False
Is 29 a factor of 115623?
True
Is 6 a factor of 89230?
False
Does 44 divide 3498371?
False
Is 611 a factor of 1718743?
True
Is 49 a factor of 177366?
False
Is 4 a factor of 3407845?
False
Is 40 a factor of 5624560?
True
Does 7 divide 7819?
True
Is 85 a factor of 3543395?
True
Is 1366365 a multiple of 507?
True
Does 14 divide 1010562?
True
Is 4597218 a multiple of 570?
False
Is 33586 a multiple of 14?
True
Does 910 divide 3002090?
True
Does 236 divide 201371?
False
Is 29 a factor of 5519825?
False
Does 16 divide 30492438?
False
Does 341 divide 3845179?
False
Is 39 a factor of 467883?
True
Does 10 divide 1414087?
False
Is 204591 a multiple of 10?
False
Is 426968 a multiple of 38?
True
Is 5064 a multiple of 211?
True
Is 372 a factor of 9246?
False
Is 59428 a multiple of 83?
True
Is 37000 a multiple of 125?
True
Is 92 a factor of 296897?
False
Is 3 a factor of 1087122?
True
Is 99516 a multiple of 12?
True
Is 547 a factor of 460845?
False
Does 6 divide 48617?
False
Is 7 a factor of 867183?
False
Is 518040 a multiple of 180?
True
Is 45 a factor of 187594?
False
Is 331100 a multiple of 20?
True
Does 60 divide 113640?
True
Does 784 divide 8734772?
False
Is 5078972 a multiple of 12?
False
Does 218 divide 3243327?
False
Is 12 a factor of 2306273?
False
Is 32040 a multiple of 180?
True
Is 1601148 a multiple of 43?
True
Is 367 a factor of 171224?
False
Is 40244 a multiple of 19?
False
Is 12 a factor of 410597?
False
Does 636 divide 8175144?
True
Does 24 divide 646824?
True
Is 391 a factor of 682686?
True
Does 275 divide 1009059?
False
Is 345 a factor of 116667?
False
Is 6961605 a multiple of 35?
True
Does 1648 divide 1118992?
True
Is 526124 a multiple of 10?
False
Is 2200000 a multiple of 275?
True
Is 73800 a multiple of 24?
True
Is 2993300 a multiple of 20?
True
Is 4 a factor of 4695083?
False
Is 6378008 a multiple of 200?
False
Does 16 divide 77382?
False
Does 2 divide 3413216?
True
Is 2715 a multiple of 5?
True
Is 23 a factor of 156584?
True
Is 179 a factor of 3811984?
True
Is 798095 a multiple of 95?
True
Does 253 divide 81731?
False
Does 29 divide 23609584?
False
Is 340 a factor of 853402?
False
Does 19 divide 281041?
False
Does 66 divide 688605?
False
Does 619 divide 5380967?
True
Does 45 divide 114424?
False
Does 7 divide 1967889?
True
Does 18 divide 13455249?
False
Is 80 a factor of 4639120?
True
Does 1641 divide 1518448?
False
Is 22969840 a multiple of 470?
True
Is 22421556 a multiple of 1998?
True
Is 1348 a factor of 4172623?
False
Does 4 divide 198462?
False
Is 81675 a multiple of 99?
True
Is 497664 a multiple of 216?
True
Is 25 a factor of 713889?
False
Is 14 a factor of 1374352?
True
Does 8 divide 1753217?
False
Is 15 a factor of 28023?
False
Is 58 a factor of 4425806?
True
Does 161 divide 5298188?
True
Does 373 divide 4985559?
False
Is 149544 a multiple of 402?
True
Does 216 divide 18107982?
False
Is 217 a factor of 5165251?
True
Is 8 a factor of 222360?
True
Is 8979 a multiple of 2?
False
Does 994 divide 8857534?
True
Is 160 a factor of 6699582?
False
Does 19 divide 2476156?
True
Is 4292483 a multiple of 3?
False
Does 35 divide 160930?
True
Is 1513 a factor of 2130191?
False
Is 167 a factor of 1018199?
True
Does 54 divide 399674?
False
Is 539369 a multiple of 512?
False
Is 2660306 a multiple of 225?
False
Is 239329 a multiple of 18?
False
Is 807 a factor of 2122483?
False
Is 5 a factor of 159907?
False
Does 7 divide 534330?
False
Is 39 a factor of 16789577?
False
Does 45 divide 160245?
True
Is 9 a factor of 705492?
True
Does 1036 divide 11764772?
False
Does 3 divide 108242?
False
Is 21362 a multiple of 14?
False
Does 22 divide 64386?
False
Is 1262723 a multiple of 161?
True
Does 6 divide 5479896?
True
Is 29480 a multiple of 670?
True
Is 62643 a multiple of 30?
False
Is 100 a factor of 116100?
True
Is 3985157 a multiple of 17?
True
Is 14 a factor of 826719?
False
Does 436 divide 1783676?
True
Is 84 a factor of 938017?
False
Does 3 divide 50243?
False
Is 83 a factor of 9802300?
True
Is 594173 a multiple of 367?
True
Is 309334 a multiple of 44?
False
Is 6 a factor of 1794?
True
Is 18 a factor of 4041630?
True
Is 171798 a multiple of 411?
True
Is 281012 a multiple of 15?
False
Does 550 divide 11541200?
True
Does 239 divide 142444?
True
Is 10845568 a multiple of 8?
True
Is 18 a factor of 459346?
False
Is 245280 a multiple of 103?
False
Is 83 a factor of 105334?
False
Is 53 a factor of 2648251?
True
Is 21791 a multiple of 69?
False
Is 3459961 a multiple of 297?
False
Does 22 divide 4090566?
False
Does 252 divide 598752?
True
Does 35 divide 6175572?
False
Does 19 divide 1315833?
False
Is 51308 a multiple of 161?
False
Does 151 divide 1205439?
False
Does 6 divide 6304662?
True
Is 13829382 a multiple of 14?
True
Is 276 a factor of 211438?
False
Does 18 divide 109476?
True
Does 563 divide 526968?
True
Is 191145 a multiple of 25?
False
Does 14 divide 84877?
False
Is 129 a factor of 1904814?
True
Does 170 divide 374340?
True
Does 68 divide 2950928?
True
Is 699 a factor of 432681?
True
Is 1440672 a multiple of 16?
True
Is 9 a factor of 1520505?
True
Does 525 divide 4897958?
False
Does 211 divide 1519198?
False
Does 158 divide 33654?
True
Is 326 a factor of 9641384?
False
Is 1287 a factor of 18366777?
True
Is 1595678 a multiple of 293?
True
Does 19 divide 161475?
False
Is 2968188 a multiple of 60?
False
Is 500250 a multiple of 58?
True
Does 162 divide 69206?
False
Is 15272 a multiple of 5?
False
Is 842350 a multiple of 85?
True
Does 54 divide 1136972?
False
Does 258 divide 112634?
False
Is 4 a factor of 77102?
False
Is 713 a factor of 6081619?
False
Is 173376 a multiple of 16?
True
Is 158180 a multiple of 55?
True
Does 55 divide 31570?
True
Is 47 a factor of 948836?
True
Is 231808 a multiple of 15?
False
Is 10 a factor of 430368?
False
Is 6171844 a multiple of 7?
True
Does 15 divide 2820677?
False
Does 39 divide 101162?
False
Is 11564087 a multiple of 81?
False
Is 17241916 a multiple of 355?
False
Is 36 a factor of 16416?
True
Is 371 a factor of 691173?
True
Is 512134 a multiple of 656?
False
Is 72 a factor of 72216?
True
Is 77 a factor of 7592354?
True
Is 4464417 a multiple of 11?
False
Is 3 a factor of 434096?
False
Is 177795 a multiple of 15?
True
Is 32 a factor of 1025?
False
Does 207 divide 3438076?
False
Is 61662 a multiple of 8?
False
Does 288 divide 677033?
False
Is 480730 a multiple of 127?
False
Is 65 a factor of 95745?
True
Does 34 divide 92613?
False
Does 45 divide 34971?
False
Is 15 a factor of 99630?
True
Is 492 a factor of 59243?
False
Is 24 a factor of 332352?
True
Is 153 a factor of 1781838?
True
Is 2180912 a multiple of 62?
True
Is 19 a factor of 22933?
True
Is 206 a factor of 111858?
True
Is 28404 a multiple of 27?
True
Does 16 divide 65504?
True
Is 7 a factor of 116381?
False
Does 13 divide 326917?
False
Is 5670 a multiple of 18?
True
Is 101 a factor of 275023?
True
Is 4828510 a multiple of 85?
True
Does 295 divide 539555?
True
Is 212046 a multiple of 599?
True
Does 71 divide 211424?
False
Does 548 divide 853635?
False
Does 859 divide 59271?
True
Does 3 divide 20830?
False
Is 10 a factor of 3206940?
True
Is 692 a factor of 73809?
False
Is 244 a factor of 2499149?
False
Is 30 a factor of 441627?
False
Is 883 a factor of 2494772?
False
Is 8487353 a multiple of 157?
False
Does 7 divide 52955?
True
Is 7022673 a multiple of 103?
False
Is 21310 a multiple of 10?
True
Is 472 a factor of 1968643?
False
Is 1920 a multiple of 192?
True
Is 21547579 a multiple of 10?
False
Is 4 a factor of 44703?
False
Is 32 a factor of 1277152?
True
Is 4 a factor of 2661?
False
Is 81726 a multiple of 159?
True
Is 10 a factor of 22447250?
True
Is 90 a factor of 827550?
True
Is 384 a factor of 3070848?
True
Does 35 divide 4837371?
False
Does 48 divide 24366?
False
Does 98 divide 106503?
False
Is 7211352 a multiple of 538?
True
Is 28 a factor of 958384?
True
Is 7 a factor of 132510?
True
Is 74408 a multiple of 8?
True
Does 97 divide 166161?
True
Does 79 divide 143895?
False
Is 152 a factor of 226480?
True
Is 52049 a multiple of 73?
True
Is 21240649 a multiple of 59?
True
Does 29 div